 250808.
856
Calculate the greatest common divisor of 46606428 and 1458.
1458
Calculate the highest common divisor of 52392 and 51320776.
296
Calculate the highest common divisor of 1891728 and 126.
18
What is the highest common factor of 62 and 1234546294?
62
What is the greatest common factor of 67231131 and 11?
11
What is the highest common factor of 51885162 and 2394?
2394
Calculate the greatest common factor of 765 and 85789755.
45
Calculate the highest common divisor of 124 and 2037413.
31
What is the highest common divisor of 5128 and 333109752?
5128
Calculate the greatest common factor of 1311548 and 210029.
1511
Calculate the highest common divisor of 67410 and 112243.
107
Calculate the highest common factor of 463680576 and 4080.
816
Calculate the highest common factor of 18227790 and 140.
70
What is the highest common factor of 2228 and 147434558?
1114
What is the highest common factor of 9599700 and 6072?
132
Calculate the greatest common factor of 11257752 and 66.
66
Calculate the greatest common divisor of 81422592 and 60.
12
Calculate the highest common divisor of 15164 and 558114811.
3791
Calculate the highest common divisor of 57276 and 3700.
148
Calculate the highest common divisor of 147686 and 154262.
274
Calculate the highest common divisor of 47111312 and 64.
16
Calculate the highest common divisor of 51039901 and 53.
53
Calculate the highest common factor of 242160814 and 21.
7
What is the greatest common factor of 198722 and 155976?
134
Calculate the greatest common factor of 11600 and 1249200.
400
What is the greatest common divisor of 1240 and 65746970?
310
Calculate the greatest common divisor of 8 and 17619908.
4
Calculate the greatest common divisor of 25 and 7457075.
25
What is the greatest common factor of 73 and 3354798?
1
What is the greatest common factor of 2019168 and 6?
6
What is the highest common factor of 127510 and 253154?
622
What is the highest common factor of 21490032 and 29784?
1752
What is the greatest common factor of 210 and 15810970?
70
Calculate the highest common divisor of 778240 and 2124960.
3040
Calculate the greatest common divisor of 55630709 and 341.
31
Calculate the greatest common factor of 714066811 and 37.
37
What is the highest common divisor of 1543 and 218564407?
1543
Calculate the greatest common divisor of 4775 and 1792825.
25
Calculate the highest common divisor of 40743123 and 747.
249
Calculate the highest common divisor of 10703 and 292061.
77
Calculate the greatest common factor of 295921202 and 158.
158
Calculate the highest common factor of 5463494 and 2516.
1258
Calculate the greatest common divisor of 41907818 and 1180.
118
What is the highest common divisor of 13448 and 24488?
8
Calculate the highest common divisor of 4432072 and 2014.
106
What is the highest common factor of 33286 and 1955063?
979
Calculate the highest common factor of 9 and 5171877.
9
Calculate the greatest common factor of 13503840 and 19040.
1120
What is the greatest common divisor of 10 and 171972935?
5
Calculate the greatest common divisor of 2424 and 395240472.
2424
Calculate the highest common factor of 142076597 and 12805.
2561
What is the highest common factor of 268060 and 1580?
20
Calculate the highest common divisor of 185988 and 255090.
66
What is the greatest common factor of 116755730 and 130?
130
Calculate the greatest common divisor of 120396199 and 187.
11
What is the greatest common factor of 6459 and 10597066?
2153
Calculate the highest common factor of 23660 and 8917454.
2366
Calculate the greatest common factor of 3891 and 768165111.
3891
What is the greatest common factor of 732 and 145766393?
61
Calculate the highest common divisor of 11010 and 279000.
30
Calculate the greatest common divisor of 585356193 and 3459.
3459
What is the highest common factor of 381510 and 4141660?
1570
What is the highest common divisor of 109111464 and 2079?
693
Calculate the greatest common factor of 22901744 and 1150.
46
Calculate the greatest common divisor of 85083 and 4233687.
1077
Calculate the greatest common divisor of 3570 and 3540420.
510
Calculate the greatest common divisor of 100 and 2010700.
100
Calculate the highest common divisor of 187724043 and 1287.
117
What is the greatest common divisor of 3864 and 6300?
84
What is the highest common divisor of 1331315 and 173339?
1787
Calculate the greatest common divisor of 2898 and 68557572.
414
Calculate the greatest common factor of 2701 and 940167.
73
What is the greatest common factor of 6720 and 29715?
105
Calculate the highest common factor of 58949 and 1931655.
253
Calculate the highest common divisor of 3815728 and 4563076.
6076
What is the highest common divisor of 54602 and 11983?
23
Calculate the highest common factor of 35 and 10447493.
7
Calculate the highest common factor of 10682643 and 31581.
87
Calculate the highest common factor of 8215046 and 11662.
1666
What is the greatest common factor of 78669421 and 1631?
233
Calculate the greatest common divisor of 72777851 and 159.
53
What is the greatest common factor of 5615 and 58178138?
1123
What is the highest common factor of 32 and 6752368?
16
Calculate the greatest common factor of 65169819 and 13.
13
Calculate the highest common divisor of 762 and 51868070.
254
What is the greatest common divisor of 840 and 27662930?
10
What is the greatest common divisor of 140 and 801120?
20
Calculate the highest common factor of 19459332 and 2.
2
What is the highest common divisor of 71769 and 6768?
141
What is the highest common factor of 39 and 44476728?
3
What is the greatest common divisor of 59340 and 82676444?
3956
Calculate the greatest common factor of 1965305 and 1.
1
What is the greatest common factor of 144784 and 704?
16
Calculate the greatest common factor of 20854871 and 1849.
1849
Calculate the highest common factor of 114218 and 50393.
23
What is the greatest common factor of 62678936 and 2384?
1192
Calculate the highest common divisor of 8502 and 447663.
327
Calculate the highest common divisor of 4219864 and 23384.
632
Calculate the highest common divisor of 21948624 and 345.
69
Calculate the highest common divisor of 23223050 and 1325.
25
What is the highest common factor of 22834 and 5287702?
3262
Calculate the greatest common divisor of 585 and 656955.
585
What is the highest common divisor of 20400 and 2846100?
300
Calculate the highest common divisor of 89483582 and 458.
458
Calculate the greatest common divisor of 6441 and 2378325.
57
Calculate the highest common divisor of 4293641 and 27302.
803
What is the highest common factor of 4809 and 115315927?
229
What is the highest common factor of 8912914 and 71?
71
What is the highest common divisor of 3751963 and 611?
47
Calculate the greatest common divisor of 1386030 and 750.
30
What is the highest common divisor of 50308291 and 1331?
121
What is the greatest common divisor of 2074 and 2471354?
122
Calculate the greatest common factor of 591256638 and 9183.
9183
Calculate the greatest common divisor of 502058 and 12682.
746
What is the greatest common factor of 24607 and 8019?
11
Calculate the greatest common factor of 115081 and 24335.
157
Calculate the greatest common factor of 251175 and 20400.
1275
What is the greatest common factor of 5541877 and 1934?
967
Calculate the highest common divisor of 7368704 and 41664.
448
What is the greatest common divisor of 3404680 and 16920?
1880
Calculate the highest common divisor of 8520128 and 71094.
1394
What is the greatest common divisor of 1720 and 2272679?
43
Calculate the highest common factor of 7638303 and 15.
3
Calculate the greatest common divisor of 339431 and 260173.
1723
What is the greatest common factor of 48954772 and 3228?
1076
Calculate the highest common divisor of 1223925207 and 681.
681
What is the highest common factor of 150 and 2848995?
15
What is the greatest common factor of 813516993 and 54?
27
What is the highest common factor of 114811362 and 414?
18
What is the greatest common factor of 52960149 and 5346?
2673
Calculate the greatest common divisor of 155589894 and 202.
202
What is the greatest common divisor of 2288797 and 1064?
133
Calculate the highest common factor of 675667968 and 192.
192
Calculate the greatest common divisor of 153